{"id":162,"date":"2025-04-08T08:00:55","date_gmt":"2025-04-08T07:00:55","guid":{"rendered":"https:\/\/zv-binatal.de\/?page_id=162"},"modified":"2025-05-27T10:05:49","modified_gmt":"2025-05-27T09:05:49","slug":"ueber-uns","status":"publish","type":"page","link":"https:\/\/zv-binatal.de\/?page_id=162","title":{"rendered":"\u00dcber uns"},"content":{"rendered":"\n<p class=\"has-medium-font-size\"><strong><em>Team:<\/em><\/strong><br><br>Thomas Sporrer, Wassermeister<br>Andr\u00e9 Deinb\u00f6ck, Fachkraft f\u00fcr Trinkwasserversorgung<br>Daniel Konrad, Wasserwart<br>Daniela Mai, B\u00fcroangestellte<br><br><br><br><strong><em>Verbandsrat 2020 &#8211; 2026:<\/em><\/strong><\/p>\n\n\n\n<figure class=\"wp-block-image size-large\"><a href=\"https:\/\/zv-binatal.de\/wp-content\/uploads\/2025\/04\/Bild-Verbandsrat-scaled.jpg\"><img loading=\"lazy\" decoding=\"async\" width=\"1024\" height=\"768\" src=\"https:\/\/zv-binatal.de\/wp-content\/uploads\/2025\/04\/Bild-Verbandsrat-1024x768.jpg\" alt=\"\" class=\"wp-image-170\" srcset=\"https:\/\/zv-binatal.de\/wp-content\/uploads\/2025\/04\/Bild-Verbandsrat-1024x768.jpg 1024w, https:\/\/zv-binatal.de\/wp-content\/uploads\/2025\/04\/Bild-Verbandsrat-300x225.jpg 300w, https:\/\/zv-binatal.de\/wp-content\/uploads\/2025\/04\/Bild-Verbandsrat-768x576.jpg 768w, https:\/\/zv-binatal.de\/wp-content\/uploads\/2025\/04\/Bild-Verbandsrat-1536x1152.jpg 1536w, https:\/\/zv-binatal.de\/wp-content\/uploads\/2025\/04\/Bild-Verbandsrat-2048x1536.jpg 2048w\" sizes=\"auto, (max-width: 1024px) 100vw, 1024px\" \/><\/a><\/figure>\n\n\n\n<p class=\"has-medium-font-size\">Maier Monika, Verbandsvorsitzende, 1. B\u00fcrgermeisterin Gemeinde Bodenkirchen <br>Fu\u00dfeder Erwin, stell. Vorsitzender, 2. B\u00fcrgermeister Gemeinde Bodenkirchen <br>Bachmayer Walter, Bodenkichen <br>Bauer Hermann, Vilsbiburg <br>Blieninger Stefan, Bodenkichen <br>Entwistle Sibylle 1. B\u00fcrgermeisterin Stadt Vilsbiburg <br>Frey Konrad, Bodenkichen <br>Greimel Ludwig 1. B\u00fcrgermeister Markt Velden <br>Gerstl Josef, Velden <br>Loipfinger Thomas, Bodenkichen <br>Schott Manuel 1. B\u00fcrgermeister Gemeinde Wurmsham <br>S\u00f6ll Martin, Wurmsham <br>Sterr Josef, Vilsbiburg <br>Stiegler Manfred, Velden <br>Tulius Stefan, Bodenkichen <br>Wanderer Wolfgang, Bodenkichen<\/p>\n\n\n\n<p class=\"has-medium-font-size\"><strong><em>Verbandsausschuss:<\/em><\/strong><br>Blieninger Stefan, Bodenkirchen<br>Entwistle Sibylle, Vilsbiburg<br>Fu\u00dfeder Erwin, Bodenkirchen<br>S\u00f6ll Martin, Wurmsham<br>Stiegler Manfred, Velden<br>Wanderer Wolfgang, Bodenkirchen<\/p>\n","protected":false},"excerpt":{"rendered":"<p>Team: Thomas Sporrer, WassermeisterAndr\u00e9 Deinb\u00f6ck, Fachkraft f\u00fcr TrinkwasserversorgungDaniel Konrad, WasserwartDaniela Mai, B\u00fcroangestellte Verbandsrat 2020 &#8211; 2026: Maier Monika, Verbandsvorsitzende, 1. B\u00fcrgermeisterin Gemeinde Bodenkirchen Fu\u00dfeder Erwin, stell. Vorsitzender, 2. B\u00fcrgermeister Gemeinde Bodenkirchen Bachmayer Walter, Bodenkichen Bauer Hermann, Vilsbiburg Blieninger Stefan, Bodenkichen Entwistle Sibylle 1. B\u00fcrgermeisterin Stadt Vilsbiburg Frey Konrad, Bodenkichen Greimel Ludwig 1. B\u00fcrgermeister Markt Velden [&hellip;]<\/p>\n","protected":false},"author":2,"featured_media":0,"parent":0,"menu_order":0,"comment_status":"closed","ping_status":"closed","template":"","meta":{"footnotes":""},"class_list":["post-162","page","type-page","status-publish","hentry"],"_links":{"self":[{"href":"https:\/\/zv-binatal.de\/index.php?rest_route=\/wp\/v2\/pages\/162","targetHints":{"allow":["GET"]}}],"collection":[{"href":"https:\/\/zv-binatal.de\/index.php?rest_route=\/wp\/v2\/pages"}],"about":[{"href":"https:\/\/zv-binatal.de\/index.php?rest_route=\/wp\/v2\/types\/page"}],"author":[{"embeddable":true,"href":"https:\/\/zv-binatal.de\/index.php?rest_route=\/wp\/v2\/users\/2"}],"replies":[{"embeddable":true,"href":"https:\/\/zv-binatal.de\/index.php?rest_route=%2Fwp%2Fv2%2Fcomments&post=162"}],"version-history":[{"count":7,"href":"https:\/\/zv-binatal.de\/index.php?rest_route=\/wp\/v2\/pages\/162\/revisions"}],"predecessor-version":[{"id":206,"href":"https:\/\/zv-binatal.de\/index.php?rest_route=\/wp\/v2\/pages\/162\/revisions\/206"}],"wp:attachment":[{"href":"https:\/\/zv-binatal.de\/index.php?rest_route=%2Fwp%2Fv2%2Fmedia&parent=162"}],"curies":[{"name":"wp","href":"https:\/\/api.w.org\/{rel}","templated":true}]}}

Über uns

<p class="has-medium-font-size"><strong><em>Team:</em></strong><br><br>Thomas Sporrer, Wassermeister<br>André Deinböck, Fachkraft für Trinkwasserversorgung<br>Daniel Konrad, Wasserwart<br>Daniela Mai, Büroangestellte<br><br><br><br><strong><em>Verbandsrat 2020 &#8211; 2026:</em></strong></p>



<figure class="wp-block-image size-large"><a href="https://zv-binatal.de/wp-content/uploads/2025/04/Bild-Verbandsrat-scaled.jpg"><img loading="lazy" decoding="async" width="1024" height="768" src="https://zv-binatal.de/wp-content/uploads/2025/04/Bild-Verbandsrat-1024x768.jpg" alt="" class="wp-image-170" srcset="https://zv-binatal.de/wp-content/uploads/2025/04/Bild-Verbandsrat-1024x768.jpg 1024w, https://zv-binatal.de/wp-content/uploads/2025/04/Bild-Verbandsrat-300x225.jpg 300w, https://zv-binatal.de/wp-content/uploads/2025/04/Bild-Verbandsrat-768x576.jpg 768w, https://zv-binatal.de/wp-content/uploads/2025/04/Bild-Verbandsrat-1536x1152.jpg 1536w, https://zv-binatal.de/wp-content/uploads/2025/04/Bild-Verbandsrat-2048x1536.jpg 2048w" sizes="auto, (max-width: 1024px) 100vw, 1024px" /></a></figure>



<p class="has-medium-font-size">Maier Monika, Verbandsvorsitzende, 1. Bürgermeisterin Gemeinde Bodenkirchen <br>Fußeder Erwin, stell. Vorsitzender, 2. Bürgermeister Gemeinde Bodenkirchen <br>Bachmayer Walter, Bodenkichen <br>Bauer Hermann, Vilsbiburg <br>Blieninger Stefan, Bodenkichen <br>Entwistle Sibylle 1. Bürgermeisterin Stadt Vilsbiburg <br>Frey Konrad, Bodenkichen <br>Greimel Ludwig 1. Bürgermeister Markt Velden <br>Gerstl Josef, Velden <br>Loipfinger Thomas, Bodenkichen <br>Schott Manuel 1. Bürgermeister Gemeinde Wurmsham <br>Söll Martin, Wurmsham <br>Sterr Josef, Vilsbiburg <br>Stiegler Manfred, Velden <br>Tulius Stefan, Bodenkichen <br>Wanderer Wolfgang, Bodenkichen</p>



<p class="has-medium-font-size"><strong><em>Verbandsausschuss:</em></strong><br>Blieninger Stefan, Bodenkirchen<br>Entwistle Sibylle, Vilsbiburg<br>Fußeder Erwin, Bodenkirchen<br>Söll Martin, Wurmsham<br>Stiegler Manfred, Velden<br>Wanderer Wolfgang, Bodenkirchen</p>

<p>Team: Thomas Sporrer, WassermeisterAndré Deinböck, Fachkraft für TrinkwasserversorgungDaniel Konrad, WasserwartDaniela Mai, Büroangestellte Verbandsrat 2020 &#8211; 2026: Maier Monika, Verbandsvorsitzende, 1. Bürgermeisterin Gemeinde Bodenkirchen Fußeder Erwin, stell. Vorsitzender, 2. Bürgermeister Gemeinde Bodenkirchen Bachmayer Walter, Bodenkichen Bauer Hermann, Vilsbiburg Blieninger Stefan, Bodenkichen Entwistle Sibylle 1. Bürgermeisterin Stadt Vilsbiburg Frey Konrad, Bodenkichen Greimel Ludwig 1. Bürgermeister Markt Velden [&hellip;]</p>
